{"id":15,"date":"2015-02-16T13:14:59","date_gmt":"2015-02-16T12:14:59","guid":{"rendered":"http:\/\/uhlenbru.ch\/?page_id=15"},"modified":"2026-01-19T15:17:50","modified_gmt":"2026-01-19T14:17:50","slug":"about-me","status":"publish","type":"page","link":"https:\/\/uhlenbru.ch\/?page_id=15","title":{"rendered":"mark uhlenbruch"},"content":{"rendered":"\n<p>&#8222;Die Welt ist ein Buch, wer nicht reist, liest nur die erste Seite&#8230;&#8220;   <\/p>\n\n\n\n<p>Herzlich willkommen auf meiner fotografischen Reise durch Momente des Gl\u00fccks und der vergessenen Sch\u00f6nheit! Mein Name ist Mark Uhlenbruch, ich bin 41 Jahre alt und lebe meine Leidenschaft f\u00fcr die Fotografie in ihrer reinsten Form aus. <\/p>\n\n\n\n<p>Als Hochzeitsfotograf bin ich stets auf der Suche nach der magischen Verbindung zwischen zwei Menschen, die sich das Ja-Wort geben. Durch meine Linse fange ich nicht nur Bilder, sondern Emotionen ein \u2013 Momente, die ein Leben lang in Erinnerung bleiben. Die Liebe in all ihren Facetten zu dokumentieren, ist f\u00fcr mich nicht nur ein Job, sondern eine Herzensangelegenheit. <\/p>\n\n\n<div class=\"wp-block-image is-style-default\">\n<figure class=\"alignright size-medium is-resized wp-duotone-unset-1\"><img loading=\"lazy\" decoding=\"async\" width=\"300\" height=\"300\" src=\"https:\/\/uhlenbru.ch\/wp-content\/uploads\/2025\/03\/me2023_01-700x700-1-300x300.jpg\" alt=\"\" class=\"wp-image-2369\" style=\"width:296px;height:auto\" srcset=\"https:\/\/uhlenbru.ch\/wp-content\/uploads\/2025\/03\/me2023_01-700x700-1-300x300.jpg 300w, https:\/\/uhlenbru.ch\/wp-content\/uploads\/2025\/03\/me2023_01-700x700-1-150x150.jpg 150w, https:\/\/uhlenbru.ch\/wp-content\/uploads\/2025\/03\/me2023_01-700x700-1.jpg 700w\" sizes=\"(max-width: 300px) 100vw, 300px\" \/><\/figure><\/div>\n\n\n<p>Abseits der festlichen Feierlichkeiten zieht es mich auch zu den verlassenen Orten, wo die Zeit ihre Spuren hinterlassen hat. Die Faszination f\u00fcr die Verg\u00e4nglichkeit und die Geschichten, die diese Orte erz\u00e4hlen, inspirieren mich zu einzigartigen fotografischen Werken. Die Kombination aus Hochzeitsfotografie und der Erkundung verlassener Orte erm\u00f6glicht es mir, die Vielfalt und Tiefe der Fotografie in ihrer ganzen Bandbreite zu erfassen.<\/p>\n\n\n\n<p>Mit meinem Blick f\u00fcr Details und meiner Hingabe an die Kunst der Fotografie strebe ich danach, nicht nur Bilder, sondern Geschichten zu erz\u00e4hlen. Jeder Klick auf den Ausl\u00f6ser ist f\u00fcr mich ein Ausdruck von Kreativit\u00e4t und Leidenschaft, und ich freue mich darauf, auch Ihre besonderen Momente festzuhalten oder gemeinsam mit Ihnen die verborgenen Sch\u00e4tze vergessener Orte zu entdecken.<\/p>\n\n\n\n<p>Lassen Sie uns gemeinsam die Magie der Fotografie erleben und Erinnerungen schaffen, die ein Leben lang halten.<\/p>\n\n\n\n<p>  <\/p>\n\n\n\n<p><\/p>\n\n\n\n<p class=\"has-text-align-left\">&nbsp;<\/p>\n\n\n\n<p class=\"has-text-align-left\">&nbsp;<\/p>\n\n\n\n<p class=\"has-text-align-left\">&nbsp;<\/p>\n\n\n\n<p class=\"has-text-align-left\">&nbsp;<\/p>\n\n\n\n<p class=\"has-text-align-left\">&nbsp;<\/p>\n\n\n\n<p class=\"has-text-align-left\">&nbsp;<\/p>\n\n\n\n<p class=\"has-text-align-left\"><\/p>\n","protected":false},"excerpt":{"rendered":"<p>&#8222;Die Welt ist ein Buch, wer nicht reist, liest nur die erste Seite&#8230;&#8220; Herzlich willkommen auf meiner fotografischen Reise durch Momente des Gl\u00fccks und der vergessenen Sch\u00f6nheit! Mein Name ist Mark Uhlenbruch, ich bin 41 Jahre alt und lebe meine Leidenschaft f\u00fcr die Fotografie in ihrer reinsten Form aus. Als Hochzeitsfotograf bin ich stets auf [&hellip;]<\/p>\n","protected":false},"author":1,"featured_media":2526,"parent":0,"menu_order":2,"comment_status":"closed","ping_status":"closed","template":"","meta":{"ngg_post_thumbnail":0,"footnotes":""},"_links":{"self":[{"href":"https:\/\/uhlenbru.ch\/index.php?rest_route=\/wp\/v2\/pages\/15"}],"collection":[{"href":"https:\/\/uhlenbru.ch\/index.php?rest_route=\/wp\/v2\/pages"}],"about":[{"href":"https:\/\/uhlenbru.ch\/index.php?rest_route=\/wp\/v2\/types\/page"}],"author":[{"embeddable":true,"href":"https:\/\/uhlenbru.ch\/index.php?rest_route=\/wp\/v2\/users\/1"}],"replies":[{"embeddable":true,"href":"https:\/\/uhlenbru.ch\/index.php?rest_route=%2Fwp%2Fv2%2Fcomments&post=15"}],"version-history":[{"count":37,"href":"https:\/\/uhlenbru.ch\/index.php?rest_route=\/wp\/v2\/pages\/15\/revisions"}],"predecessor-version":[{"id":2446,"href":"https:\/\/uhlenbru.ch\/index.php?rest_route=\/wp\/v2\/pages\/15\/revisions\/2446"}],"wp:featuredmedia":[{"embeddable":true,"href":"https:\/\/uhlenbru.ch\/index.php?rest_route=\/wp\/v2\/media\/2526"}],"wp:attachment":[{"href":"https:\/\/uhlenbru.ch\/index.php?rest_route=%2Fwp%2Fv2%2Fmedia&parent=15"}],"curies":[{"name":"wp","href":"https:\/\/api.w.org\/{rel}","templated":true}]}}